actors of 2215.
5, 443
List the prime factors of 46.
2, 23
What are the prime factors of 1132?
2, 283
What are the prime factors of 117921?
3, 23, 1709
What are the prime factors of 198?
2, 3, 11
List the prime factors of 5219.
17, 307
What are the prime factors of 18948?
2, 3, 1579
What are the prime factors of 6351?
3, 29, 73
List the prime factors of 35301.
3, 7, 41
List the prime factors of 317.
317
What are the prime factors of 77328?
2, 3, 179
What are the prime factors of 4410?
2, 3, 5, 7
List the prime factors of 3130.
2, 5, 313
List the prime factors of 5274.
2, 3, 293
What are the prime factors of 7034?
2, 3517
List the prime factors of 2706.
2, 3, 11, 41
What are the prime factors of 1039?
1039
List the prime factors of 44890.
2, 5, 67
List the prime factors of 900.
2, 3, 5
What are the prime factors of 1100?
2, 5, 11
List the prime factors of 81241.
137, 593
List the prime factors of 12571.
13, 967
List the prime factors of 209.
11, 19
What are the prime factors of 3718?
2, 11, 13
What are the prime factors of 33263?
29, 31, 37
List the prime factors of 1438.
2, 719
What are the prime factors of 32109?
3, 7, 11, 139
List the prime factors of 41357.
41357
What are the prime factors of 2358?
2, 3, 131
What are the prime factors of 1095?
3, 5, 73
What are the prime factors of 16?
2
List the prime factors of 7481.
7481
List the prime factors of 9948.
2, 3, 829
What are the prime factors of 1501?
19, 79
List the prime factors of 1740.
2, 3, 5, 29
List the prime factors of 14339.
13, 1103
What are the prime factors of 20544?
2, 3, 107
What are the prime factors of 3377?
11, 307
List the prime factors of 25074.
2, 3, 7, 199
List the prime factors of 18151.
7, 2593
What are the prime factors of 6198?
2, 3, 1033
List the prime factors of 119921.
119921
What are the prime factors of 77?
7, 11
What are the prime factors of 5034?
2, 3, 839
List the prime factors of 19661.
19661
List the prime factors of 37073.
131, 283
What are the prime factors of 6212?
2, 1553
List the prime factors of 2722.
2, 1361
What are the prime factors of 795?
3, 5, 53
What are the prime factors of 824?
2, 103
What are the prime factors of 256?
2
List the prime factors of 165691.
67, 2473
List the prime factors of 2386.
2, 1193
List the prime factors of 142085.
5, 157, 181
List the prime factors of 6467.
29, 223
List the prime factors of 2235.
3, 5, 149
What are the prime factors of 1914?
2, 3, 11, 29
What are the prime factors of 1113?
3, 7, 53
List the prime factors of 4639.
4639
What are the prime factors of 1998?
2, 3, 37
List the prime factors of 9984.
2, 3, 13
What are the prime factors of 35416?
2, 19, 233
What are the prime factors of 288?
2, 3
What are the prime factors of 22491?
3, 7, 17
What are the prime factors of 31369?
13, 19, 127
What are the prime factors of 662?
2, 331
What are the prime factors of 245?
5, 7
List the prime factors of 217.
7, 31
List the prime factors of 2865.
3, 5, 191
What are the prime factors of 1216?
2, 19
List the prime factors of 108293.
108293
List the prime factors of 396.
2, 3, 11
List the prime factors of 1582.
2, 7, 113
What are the prime factors of 31698?
2, 3, 587
What are the prime factors of 170657?
47, 3631
List the prime factors of 4071.
3, 23, 59
List the prime factors of 1045.
5, 11, 19
List the prime factors of 5847.
3, 1949
List the prime factors of 18229.
18229
List the prime factors of 87333.
3, 43, 677
What are the prime factors of 14713?
14713
What are the prime factors of 4694?
2, 2347
List the prime factors of 1923.
3, 641
What are the prime factors of 1080?
2, 3, 5
List the prime factors of 2233.
7, 11, 29
List the prime factors of 12102.
2, 3, 2017
What are the prime factors of 2438?
2, 23, 53
List the prime factors of 1018.
2, 509
List the prime factors of 98155.
5, 67, 293
List the prime factors of 4964.
2, 17, 73
List the prime factors of 212.
2, 53
What are the prime factors of 10087?
7, 11, 131
List the prime factors of 81192.
2, 3, 17, 199
What are the prime factors of 16254?
2, 3, 7, 43
List the prime factors of 16435.
5, 19, 173
List the prime factors of 3902.
2, 1951
List the prime factors of 1149.
3, 383
What are the prime factors of 289?
17
List the prime factors of 3115.
5, 7, 89
What are the prime factors of 1274?
2, 7, 13
What are the prime factors of 8031?
3, 2677
What are the prime factors of 58?
2, 29
List the prime factors of 2435.
5, 487
List the prime factors of 1194.
2, 3, 199
List the prime factors of 1683.
3, 11, 17
List the prime factors of 120240.
2, 3, 5, 167
List the prime factors of 4901.
13, 29
What are the prime factors of 2171?
13, 167
List the prime factors of 24849.
3, 11, 251
What are the prime factors of 194?
2, 97
List the prime factors of 81021.
3, 113, 239
List the prime factors of 10967.
11, 997
What are the prime factors of 8420?
2, 5, 421
List the prime factors of 383.
383
List the prime factors of 5226.
2, 3, 13, 67
What are the prime factors of 2218?
2, 1109
List the prime factors of 197.
197
List the prime factors of 2506.
2, 7, 179
List the prime factors of 36569.
13, 29, 97
What are the prime factors of 3967?
3967
List the prime factors of 718.
2, 359
List the prime factors of 17342.
2, 13, 23, 29
What are the prime factors of 102?
2, 3, 17
List the prime factors of 40953.
3, 11, 17, 73
List the prime factors of 669.
3, 223
What are the prime factors of 23076?
2, 3, 641
List the prime factors of 19114.
2, 19, 503
What are the prime factors of 36936?
2, 3, 19
What are the prime factors of 937?
937
What are the prime factors of 91186?
2, 127, 359
What are the prime factors of 111834?
2, 3, 19, 109
List the prime factors of 1321.
1321
What are the prime factors of 5073?
3, 19, 89
List the prime factors of 217.
7, 31
What are the prime factors of 777?
3, 7, 37
List the prime factors of 2234.
2, 1117
List the prime factors of 6075.
3, 5
List the prime factors of 3740.
2, 5, 11, 17
What are the prime factors of 142291?
19, 7489
What are the prime factors of 513?
3, 19
List the prime factors of 22526.
2, 7, 1609
What are the prime factors of 1017?
3, 113
List the prime factors of 12029.
23, 523
What are the prime factors of 43971?
3, 14657
What are the prime factors of 3527?
3527
List the prime factors of 5715.
3, 5, 127
List the prime factors of 3935.
5, 787
What are the prime factors of 5059?
5059
List the prime factors of 1790.
2, 5, 179
What are the prime factors of 37333?
37, 1009
What are the prime factors of 2811?
3, 937
What are the prime factors of 33523?
7, 4789
List the prime factors of 54370.
2, 5, 5437
List the prime factors of 1530.
2, 3, 5, 17
List the prime factors of 4675.
5, 11, 17
List the prime factors of 13534.
2, 67, 101
What are the prime factors of 13002?
2, 3, 11, 197
List the prime factors of 2730.
2, 3, 5, 7, 13
What are the prime factors of 24712?
2, 3089
List the prime factors of 5568.
2, 3, 29
List the prime factors of 259.
7, 37
What are the prime factors of 109509?
3, 173, 211
What are the prime factors of 34?
2, 17
What are the prime factors of 6464?
2, 101
What are the prime factors of 18406?
2, 9203
List the prime factors of 1822.
2, 911
List the prime factors of 18060.
2, 3, 5, 7, 43
List the prime factors of 1276.
2, 11, 29
List the prime factors of 107036.
2, 26759
What are the prime factors of 5337?
3, 593
List the prime factors of 1015.
5, 7, 29
What are the prime factors of 4741?
11, 431
What are the prime factors of 1605?
3, 5, 107
What are the prime factors of 202?
2, 101
List the prime factors of 1329.
3, 443
What are the prime factors of 15542?
2, 19, 409
What are the prime factors of 8454?
2, 3, 1409
What are the prime factors of 7096?
2, 887
What are the prime factors of 5634?
2, 3, 313
List the prime factors of 1635.
3, 5, 109
List the prime factors of 2168.
2, 271
List the prime factors of 4589.
13, 353
List the prime factors of 5826.
2, 3, 971
What are the prime factors of 6619?
6619
What are the prime factors of 584?
2, 73
What are the prime factors of 2000?
2, 5
What are the prime factors of 27386?
2, 13693
What are the prime factors of 4554?
2, 3, 11, 23
What are the prime factors of 8236?
2, 29, 71
What are the prime factors of 625?
5
What are the prime factors of 15479?
23, 673
What are the prime factors of 